
9
Suppose 5*u - g = 20, 3*u - 8 = 3*g + 4. Let s(p) = -35*p**3 - p**2 - p - 1. Calculate the remainder when s(-1) is divided by (-24)/15*(-30)/u.
10
Suppose -163 = -5*l + 182. Let u = 12 - -1. Calculate the remainder when l is divided by (u - 1)*(-21)/(-14).
15
Let k(z) = 2*z**2 + 2*z - 5. Suppose 0*p = -5*p - 20. Suppose 0 = 3*r - 0*r - 21. What is the remainder when k(p) is divided by r?
5
Let d be (-2)/(4*2/36). Suppose 4*m + 2*w - 4 = 0, -2 = -5*m - 3*w + 2. What is the remainder when (-2)/4 - d/m is divided by 3?
1
Suppose 206 - 26 = 5*k. What is the remainder when k is divided by 11?
3
Suppose -w - 3*w = -8. Let l be 6/(-10) - 57/5. What is the remainder when (-57)/l - 3/(-12) is divided by w?
1
Suppose -5*c - 5*i + 202 = -i, 0 = -c + 2*i + 46. Suppose 0*m + 26 = m + 3*z, -5*m + z = -50. Calculate the remainder when c is divided by m.
9
Suppose 4*o - 14 = 2*g, -o - 25 = -6*o + 4*g. Let u be (-8 + o)*(-2)/7. Let v = -1 + u. Calculate the remainder when 2 is divided by v.
0
Let g(r) = -4*r - 8. Let k(t) = -t - 11. Let i be k(-5). Let l be g(i). What is the remainder when (l/6)/((-6)/(-9)) is divided by 3?
1
Suppose 2*l = 92 - 6. What is the remainder when l is divided by 11?
10
Let b = 152 + -139. What is the remainder when 37 is divided by b?
11
Let s(f) = -f**3 + 8*f**2 + f - 1. What is the remainder when s(7) is divided by 8?
7
Let m(p) = -p**3 + 7*p**2 + 8*p. Let v be m(8). Suppose d + 4*d = v. Suppose d = c - 39 + 4. What is the remainder when c is divided by 18?
17
Suppose 0 = -3*c + 19 + 11. What is the remainder when 126 is divided by c?
6
Let x(d) = -15*d + 20. Calculate the remainder when x(-9) is divided by 39.
38
Let n = -123 - -175. Suppose -4*c + 228 = -n. Calculate the remainder when c is divided by 18.
16
Let p(g) = 8*g**2 - g. Calculate the remainder when (1*13)/(20/40) is divided by p(-1).
8
Suppose q - d = 2*d - 36, -q - 2*d - 31 = 0. Let v = q - -56. What is the remainder when 45 is divided by v?
22
Let j = 12 - -9. Calculate the remainder when 209 is divided by j.
20
Let i(q) = -q - 4. Let h be i(-7). Suppose 0*j - h*j = -51. Let u = 24 + 8. Calculate the remainder when u is divided by j.
15
Let w(g) = -g**3 - 2*g**2 - 2*g - 1. Let m be w(-1). Calculate the remainder when 84/(-8)*(m - 2) is divided by 8.
5
Let j(m) = 13*m + 4. Suppose 3*i = -4*f - 4 + 13, 0 = -i - 1. What is the remainder when j(f) is divided by 22?
21
Suppose 5 + 15 = 5*u. Suppose -22 = -u*b - j + 5, -15 = -b - 3*j. What is the remainder when b is divided by 20/6 - 4/(-6)?
2
Calculate the remainder when 37 is divided by 3 - (-2 + 1 + -7 + 1).
7
Let a = 15 + 1. Suppose 4*s = 5*q - 227, -3*q - 3*s = -0*q - 147. What is the remainder when q is divided by a?
15
Suppose -3*k = 4*i - 9*i + 9, -3*k - 3*i = -15. Let f = 2 + k. What is the remainder when f is divided by 3?
1
Suppose -t - 2*t + 5*q = -96, 2*t - 60 = 2*q. What is the remainder when t is divided by ((-30)/(-9))/(1/3)?
7
Suppose -22 = -3*d + d. Let j(g) = 2*g + 0*g + 0*g**2 + 2*g**2 - 1. What is the remainder when d is divided by j(-2)?
2
Suppose 4*o = -4*h + 100, 5*o + 2*h - 137 = h. Let r = o - 15. Suppose -n = -5*n + 28. Calculate the remainder when r is divided by n.
6
Let v = 12 + -8. Calculate the remainder when (-855)/(-36) + (-3)/v is divided by 12.
11
Suppose 24 = -0*n + 2*n. What is the remainder when 23 is divided by n?
11
Suppose 0 = -4*l + u - 15, -5*l - 30 = 2*u - 8. Calculate the remainder when 42 is divided by l/26 + 197/13.
12
Let o = -10 - -15. Let c = 56 - 2. Suppose -21 = -o*j + c. Calculate the remainder when 29 is divided by j.
14
Let l(f) = -f**2 + f + 22. Calculate the remainder when ((-430)/(-30))/((-1)/(-3)) is divided by l(0).
21
Suppose l + 2 = t - 0*l, -2*l + 8 = 0. What is the remainder when 28 is divided by t?
4
Let d(i) = i + 19. Calculate the remainder when 20 is divided by d(-7).
8
Let c = -9 + 20. Let u = -86 + 123. Suppose -3*a + 56 = -u. What is the remainder when a is divided by c?
9
Calculate the remainder when (12/(-18))/((-4)/126) is divided by 11.
10
Let i(g) = -g**3 + 3*g + 2. Let f be i(-2). Suppose f*b - c = -4*c + 32, 3*b - 29 = -c. Calculate the remainder when 30 is divided by b.
8
What is the remainder when 37 is divided by 93/9 - (-1)/(-3)?
7
Let s(i) = -i**2 - 10*i. Calculate the remainder when s(-8) is divided by ((-2)/3)/((-2)/18).
4
Suppose l - 1 = -2. What is the remainder when -2*(-82)/(-4)*l is divided by 14?
13
What is the remainder when 3/10*6*25 is divided by 16?
13
Let f = 207 + -156. Let v = -50 - -7. Let g = v + 61. Calculate the remainder when f is divided by g.
15
Let g(w) = w**3 - 2*w**2 - 2*w - 3. Let x be g(3). Let k = x - -7. What is the remainder when k is divided by 4?
3
Let q(t) = -t + 1. Let z be q(-6). Suppose 2*x + 62 = z*x + j, 0 = -j + 2. Let u = -13 + 48. What is the remainder when u is divided by x?
11
Suppose -2*p + 0*f = 2*f - 12, -p - 3*f = 0. Let w(g) = 3*g - 5 - 2 + 4 - 10. Calculate the remainder when p is divided by w(6).
4
Let d = -104 - -127. Calculate the remainder when d is divided by 14.
9
Suppose 3*s = -3*d - 40 - 41, -4*s = -3*d - 109. Let z = -6 - d. Let r(l) = l**2 + 3*l + 3. What is the remainder when z is divided by r(-5)?
12
Suppose 2*u - 5 = 5. Let x(s) = -u - 5*s + 5. Calculate the remainder when x(-1) is divided by 2.
1
What is the remainder when (0 - -1)/(-1 + 3)*142 is divided by 9?
8
Suppose 8*q - 3*q = 405. Calculate the remainder when q is divided by 14.
11
Suppose 0 = 17*v - 12*v - 250. Calculate the remainder when v is divided by 17.
16
Suppose -5*u + 16 = 4*g, g + 0*g - 4 = -3*u. Let m = -15 + 14. What is the remainder when (5 + 17)/(u - m) is divided by 12?
10
Let d be ((-20)/16)/((-3)/12). Suppose -d*f + 93 = -c, -c = 1 + 2. Calculate the remainder when f is divided by 11.
7
Let c be -4 - (0 - (56 - -1)). What is the remainder when c - -1*(-2 + 1) is divided by 18?
16
Suppose 9 = -4*b + 77. Calculate the remainder when 31 is divided by b.
14
Let l = 8 + -3. Suppose 0 = 5*g + 2*z - 40, -z + 40 = l*g + 4*z. Let o(i) = -i + 3. What is the remainder when g is divided by o(0)?
2
Suppose -3 = 2*j + 5. Let y(m) = m**2 + 2*m - 5. Let b be y(j). Suppose -b*p + 3 = -3. Calculate the remainder when 4 is divided by p.
0
Let j = -1 + 16. Let u = 67 - j. What is the remainder when u is divided by 27?
25
Let t be (63 - 0)*(-7)/(-21). Let q(c) = c**3 - 3*c. Let h be q(-3). Let l = t - h. Calculate the remainder when l is divided by 14.
11
Let k(y) = -y**2 + 9*y - 9. Calculate the remainder when 288/11 + (-2)/11 is divided by k(6).
8
Suppose 0 = -p - 4 + 16. Calculate the remainder when 141 is divided by p.
9
Let m = 355 - 311. Let n(v) = 17*v**3 - 2*v + 1. What is the remainder when m is divided by n(1)?
12
Suppose 8*u - 21 = 27. What is the remainder when u is divided by 2?
0
Suppose 0 = -0*u - 4*u, -5*r = -5*u - 85. What is the remainder when 81 is divided by r?
13
Suppose 3 = s - k - 11, 0 = -2*s + 3*k + 32. Suppose 0*b - 3*j - 24 = -5*b, b - 12 = -3*j. Calculate the remainder when s is divided by b.
4
Let l(s) = s + 8. Let u(t) = -t + 1. Let j be (3*-1)/(9/12). What is the remainder when u(j) is divided by l(-6)?
1
Let l(h) = -h. Let z be l(-1). Calculate the remainder when 1 + 33 + 2/z is divided by 19.
17
Suppose -2*t - 42 = -4*t + 4*u, -4*u - 20 = 0. Let b be (-1 - -1) + (-2 - 46). What is the remainder when b*(2 - (-16)/(-6)) is divided by t?
10
Calculate the remainder when 2/7 + 1240/70 is divided by 3.
0
Suppose 3 = -2*a + 23. Let i be (6/4)/(3/(-4)). What is the remainder when a is divided by (0 + -1)/(i/12)?
4
What is the remainder when 48 is divided by (17/2)/(11/22)?
14
Suppose u + 5*x = -4 + 7, 2*u - 2*x = -6. Suppose 0 = -5*d - 13 - 17. Calculate the remainder when 16 is divided by d*u/((-4)/(-2)).
4
Suppose 30 = 9*c - 4*c. Calculate the remainder when 28 is divided by c.
4
Suppose -52 = 3*h - 7*h. What is the remainder when 37 is divided by h?
11
Let i be (0/(4 + -2))/1. Suppose i = -3*x - 2*x + 60. Suppose 3*f - 97 - 18 = 5*o, 0 = -2*f - o + 68. Calculate the remainder when f is divided by x.
11
Let f(s) = -s**3 + 13*s**2 + s + 12. Calculate the remainder when 49 is divided by f(13).
24
Suppose 17 - 47 = 5*f. Calculate the remainder when (105/6)/(f/(-12)) is divided by 10.
5
Let i(